{"id":47,"date":"2010-05-14T00:07:55","date_gmt":"2010-05-13T22:07:55","guid":{"rendered":"http:\/\/www.schulverein-wolfbuschschule.de\/wordpress\/?page_id=47"},"modified":"2020-01-09T12:26:36","modified_gmt":"2020-01-09T11:26:36","slug":"projekte","status":"publish","type":"page","link":"http:\/\/www.schulverein-wolfbuschschule.de\/wordpress\/projekte\/","title":{"rendered":"Projekte"},"content":{"rendered":"<p>Mit dem Schuljahr 2019\/2020 endet die Werkrealschule an \u00a0 der Wolfbuschschule, die Schule ist dann nur noch eine reine Grundschule.<\/p>\n<p style=\"text-align: justify;\">Die Schule hat mehrere Projekte, die nachhaltig betrieben werden.<\/p>\n<p style=\"text-align: justify;\"><strong>Die bilinguale Klasse:<\/strong><br \/>\nIn diesen Klassen wird zus\u00e4tzlich zum regul\u00e4ren Deutsch und Englischunterricht auch in<strong> italienischer Sprache<\/strong> unterrichtet. Der Unterricht erfolgt \u00fcber den ganzen Unterrichtszeitraum mit zwei Lehrerinnen \/ Lehrern, Deutsch und Italienisch. (Team-Teaching)<br \/>\nDieses Projekt wird vom Land Baden W\u00fcrttemberg und \u00fcber das italienische Konsulat gef\u00f6rdert.<\/p>\n<p style=\"text-align: justify;\"><a href=\"http:\/\/www.schulverein-wolfbuschschule.de\/wordpress\/wp-content\/uploads\/2010\/05\/IMG_1960.jpg\"><img loading=\"lazy\" decoding=\"async\" title=\"IMG_1960\" src=\"http:\/\/www.schulverein-wolfbuschschule.de\/wordpress\/wp-content\/uploads\/2010\/05\/IMG_1960-150x150.jpg\" alt=\"\" width=\"150\" height=\"150\" \/><\/a><a href=\"..\/..\/images\/img20060701014.jpg\" target=\"_blank\" rel=\"noopener\"><img loading=\"lazy\" decoding=\"async\" class=\"alignright\" style=\"border: 0pt none;\" src=\"..\/..\/images\/img20060701014_146.jpg\" alt=\"\" width=\"146\" height=\"109\" border=\"0\" \/><\/a><\/p>\n<p style=\"text-align: justify;\">Veranstalung mit dem italienischen Konsulat und italienischen Institutionen im Stuttgarter Rathaus.<\/p>\n<p style=\"text-align: justify;\">Die &#8218;Bikla&#8216; Klassen haben in der 4. Klasse einen Sch\u00fcleraustausch mit einer Schule in Italien. Momentan ist es eine Partnerschule in Bergamo. Der Schulverein hat sich am Austausch personell und finanziell beteiligt.<\/p>\n<p style=\"text-align: justify;\"><a href=\"http:\/\/www.schulverein-wolfbuschschule.de\/wordpress\/wp-content\/uploads\/2010\/05\/Ital12.jpg\"><img loading=\"lazy\" decoding=\"async\" class=\"aligncenter size-medium wp-image-303\" title=\"Ital1\" src=\"http:\/\/www.schulverein-wolfbuschschule.de\/wordpress\/wp-content\/uploads\/2010\/05\/Ital12-217x300.jpg\" alt=\"\" width=\"217\" height=\"300\" srcset=\"http:\/\/www.schulverein-wolfbuschschule.de\/wordpress\/wp-content\/uploads\/2010\/05\/Ital12-217x300.jpg 217w, http:\/\/www.schulverein-wolfbuschschule.de\/wordpress\/wp-content\/uploads\/2010\/05\/Ital12-742x1024.jpg 742w, http:\/\/www.schulverein-wolfbuschschule.de\/wordpress\/wp-content\/uploads\/2010\/05\/Ital12.jpg 1698w\" sizes=\"auto, (max-width: 217px) 100vw, 217px\" \/><\/a><\/p>\n<p>&nbsp;<\/p>\n<p style=\"text-align: justify;\"><strong>Haltungs- und Bewegungserziehung:<br \/>\n<\/strong>Die Wolfbuschschule hat schon vor vielen Jahren erkannt, dass Haltungs- und Bewegungserziehung im Wachstum der Kinder eine gro\u00dfe Rolle spielt (Bewegte Schule). Die Schule hat vor vielen Jahren bereits die bewegte Pause eingef\u00fchrt. Es wurden neben spielerischen Bewegungsunterricht auch ergonomisch gestaltete Schulm\u00f6bel angeschafft. Diese M\u00f6bel wurden zu einem erheblichen Teil durch den Schulverein mitfinanziert.<br \/>\nAlles wurde 1999 in einer Studie zur Implementierung einer Haltungs- und Bewegungserziehung in Verbindung mit der Erprobung ergonomisch unterschiedlicher Schulm\u00f6belsysteme unter wissenschaftlicher Begleitung zusammengefasst.<br \/>\nDie Schule erhielt daf\u00fcr den AOK Gesundheitspreis 1992 und den GEK Gesundheitspreis 1995.<\/p>\n<p style=\"text-align: justify;\">Die Sch\u00fclerst\u00fchle aus der Oberstufe haben ein Sitzpolster, nach fast 20 Jahren Nutzung der St\u00fchle sind diese Polster zerschlissen. Mit finanzieller Unterst\u00fctzung des F\u00f6rdervereins wurden die Polster zum Jahreswechsel 2011-2012 alle erneuert. 2012-2013 wurden neue Back Up St\u00fchle f\u00fcr den Computerraum mit finanziert.<\/p>\n<p style=\"text-align: justify;\"><a href=\"..\/..\/images\/img1428.jpg\" target=\"_blank\" rel=\"noopener\"><img loading=\"lazy\" decoding=\"async\" class=\"alignright\" style=\"border: 0pt none;\" src=\"..\/..\/images\/img1428_146.jpg\" alt=\"\" width=\"146\" height=\"194\" border=\"0\" \/><\/a><\/p>\n","protected":false},"excerpt":{"rendered":"<p>Mit dem Schuljahr 2019\/2020 endet die Werkrealschule an \u00a0 der Wolfbuschschule, die Schule ist dann nur noch eine reine Grundschule. Die Schule hat mehrere Projekte, die nachhaltig betrieben werden. Die [&hellip;]<\/p>\n","protected":false},"author":1,"featured_media":0,"parent":0,"menu_order":0,"comment_status":"closed","ping_status":"closed","template":"","meta":{"footnotes":"","_links_to":"","_links_to_target":""},"class_list":["post-47","page","type-page","status-publish","hentry"],"_links":{"self":[{"href":"http:\/\/www.schulverein-wolfbuschschule.de\/wordpress\/wp-json\/wp\/v2\/pages\/47","targetHints":{"allow":["GET"]}}],"collection":[{"href":"http:\/\/www.schulverein-wolfbuschschule.de\/wordpress\/wp-json\/wp\/v2\/pages"}],"about":[{"href":"http:\/\/www.schulverein-wolfbuschschule.de\/wordpress\/wp-json\/wp\/v2\/types\/page"}],"author":[{"embeddable":true,"href":"http:\/\/www.schulverein-wolfbuschschule.de\/wordpress\/wp-json\/wp\/v2\/users\/1"}],"replies":[{"embeddable":true,"href":"http:\/\/www.schulverein-wolfbuschschule.de\/wordpress\/wp-json\/wp\/v2\/comments?post=47"}],"version-history":[{"count":15,"href":"http:\/\/www.schulverein-wolfbuschschule.de\/wordpress\/wp-json\/wp\/v2\/pages\/47\/revisions"}],"predecessor-version":[{"id":792,"href":"http:\/\/www.schulverein-wolfbuschschule.de\/wordpress\/wp-json\/wp\/v2\/pages\/47\/revisions\/792"}],"wp:attachment":[{"href":"http:\/\/www.schulverein-wolfbuschschule.de\/wordpress\/wp-json\/wp\/v2\/media?parent=47"}],"curies":[{"name":"wp","href":"https:\/\/api.w.org\/{rel}","templated":true}]}}

<p>Mit dem Schuljahr 2019/2020 endet die Werkrealschule an   der Wolfbuschschule, die Schule ist dann nur noch eine reine Grundschule.</p>
<p style="text-align: justify;">Die Schule hat mehrere Projekte, die nachhaltig betrieben werden.</p>
<p style="text-align: justify;"><strong>Die bilinguale Klasse:</strong><br />
In diesen Klassen wird zusätzlich zum regulären Deutsch und Englischunterricht auch in<strong> italienischer Sprache</strong> unterrichtet. Der Unterricht erfolgt über den ganzen Unterrichtszeitraum mit zwei Lehrerinnen / Lehrern, Deutsch und Italienisch. (Team-Teaching)<br />
Dieses Projekt wird vom Land Baden Württemberg und über das italienische Konsulat gefördert.</p>
<p style="text-align: justify;"><a href="http://www.schulverein-wolfbuschschule.de/wordpress/wp-content/uploads/2010/05/IMG_1960.jpg"><img loading="lazy" decoding="async" title="IMG_1960" src="http://www.schulverein-wolfbuschschule.de/wordpress/wp-content/uploads/2010/05/IMG_1960-150x150.jpg" alt="" width="150" height="150" /></a><a href="../../images/img20060701014.jpg" target="_blank" rel="noopener"><img loading="lazy" decoding="async" class="alignright" style="border: 0pt none;" src="../../images/img20060701014_146.jpg" alt="" width="146" height="109" border="0" /></a></p>
<p style="text-align: justify;">Veranstalung mit dem italienischen Konsulat und italienischen Institutionen im Stuttgarter Rathaus.</p>
<p style="text-align: justify;">Die &#8218;Bikla&#8216; Klassen haben in der 4. Klasse einen Schüleraustausch mit einer Schule in Italien. Momentan ist es eine Partnerschule in Bergamo. Der Schulverein hat sich am Austausch personell und finanziell beteiligt.</p>
<p style="text-align: justify;"><a href="http://www.schulverein-wolfbuschschule.de/wordpress/wp-content/uploads/2010/05/Ital12.jpg"><img loading="lazy" decoding="async" class="aligncenter size-medium wp-image-303" title="Ital1" src="http://www.schulverein-wolfbuschschule.de/wordpress/wp-content/uploads/2010/05/Ital12-217x300.jpg" alt="" width="217" height="300" srcset="http://www.schulverein-wolfbuschschule.de/wordpress/wp-content/uploads/2010/05/Ital12-217x300.jpg 217w, http://www.schulverein-wolfbuschschule.de/wordpress/wp-content/uploads/2010/05/Ital12-742x1024.jpg 742w, http://www.schulverein-wolfbuschschule.de/wordpress/wp-content/uploads/2010/05/Ital12.jpg 1698w" sizes="auto, (max-width: 217px) 100vw, 217px" /></a></p>
<p>&nbsp;</p>
<p style="text-align: justify;"><strong>Haltungs- und Bewegungserziehung:<br />
</strong>Die Wolfbuschschule hat schon vor vielen Jahren erkannt, dass Haltungs- und Bewegungserziehung im Wachstum der Kinder eine große Rolle spielt (Bewegte Schule). Die Schule hat vor vielen Jahren bereits die bewegte Pause eingeführt. Es wurden neben spielerischen Bewegungsunterricht auch ergonomisch gestaltete Schulmöbel angeschafft. Diese Möbel wurden zu einem erheblichen Teil durch den Schulverein mitfinanziert.<br />
Alles wurde 1999 in einer Studie zur Implementierung einer Haltungs- und Bewegungserziehung in Verbindung mit der Erprobung ergonomisch unterschiedlicher Schulmöbelsysteme unter wissenschaftlicher Begleitung zusammengefasst.<br />
Die Schule erhielt dafür den AOK Gesundheitspreis 1992 und den GEK Gesundheitspreis 1995.</p>
<p style="text-align: justify;">Die Schülerstühle aus der Oberstufe haben ein Sitzpolster, nach fast 20 Jahren Nutzung der Stühle sind diese Polster zerschlissen. Mit finanzieller Unterstützung des Fördervereins wurden die Polster zum Jahreswechsel 2011-2012 alle erneuert. 2012-2013 wurden neue Back Up Stühle für den Computerraum mit finanziert.</p>
<p style="text-align: justify;"><a href="../../images/img1428.jpg" target="_blank" rel="noopener"><img loading="lazy" decoding="async" class="alignright" style="border: 0pt none;" src="../../images/img1428_146.jpg" alt="" width="146" height="194" border="0" /></a></p>
