{"id":68,"date":"2010-10-10T12:54:54","date_gmt":"2010-10-10T10:54:54","guid":{"rendered":"http:\/\/www.schulverein-wolfbuschschule.de\/wordpress\/?page_id=68"},"modified":"2012-07-22T11:26:53","modified_gmt":"2012-07-22T09:26:53","slug":"satzung","status":"publish","type":"page","link":"http:\/\/www.schulverein-wolfbuschschule.de\/wordpress\/der-verein\/satzung\/","title":{"rendered":"Satzung"},"content":{"rendered":"<p>&nbsp;<\/p>\n<p><strong>\u00a0\u00a0\u00a0\u00a0\u00a0\u00a0\u00a0\u00a0\u00a0\u00a0\u00a0\u00a0\u00a0 SCHULVEREIN der WOLFBUSCHSCHULE<\/strong><\/p>\n<p><strong>\u00a0\u00a0\u00a0\u00a0\u00a0\u00a0\u00a0\u00a0\u00a0\u00a0\u00a0\u00a0\u00a0\u00a0\u00a0\u00a0\u00a0\u00a0 Stuttgart &#8211; Weilimdorf<\/strong><\/p>\n<p><strong>\u00a0<\/strong><\/p>\n<p><strong>\u00a0<\/strong><\/p>\n<p><strong>\u00a0\u00a0\u00a0\u00a0\u00a0\u00a0\u00a0\u00a0\u00a0\u00a0\u00a0\u00a0\u00a0\u00a0\u00a0\u00a0\u00a0\u00a0\u00a0\u00a0\u00a0\u00a0\u00a0\u00a0 SATZUNG<\/strong><\/p>\n<p><strong>\u00a71 Name u. Sitz des Vereins<\/strong><\/p>\n<p><strong>\u00a0\u00a0\u00a0\u00a0\u00a0 \u00a0\u00a0\u00a0 &#8212;&#8212;&#8212;&#8212;&#8212;&#8212;&#8212;&#8212;<\/strong><\/p>\n<p>(1) Der Verein f\u00fchrt den Namen <strong>-Schulverein der Wolfbuschschule-<\/strong><\/p>\n<p><strong>\u00a0\u00a0\u00a0\u00a0\u00a0\u00a0\u00a0\u00a0\u00a0\u00a0\u00a0\u00a0\u00a0\u00a0\u00a0\u00a0\u00a0\u00a0\u00a0\u00a0\u00a0\u00a0\u00a0\u00a0\u00a0\u00a0\u00a0\u00a0\u00a0\u00a0\u00a0\u00a0\u00a0\u00a0\u00a0\u00a0\u00a0 Stuttgart &#8211; Weilimdorf e.V.<\/strong><\/p>\n<p>(2) Der Verein hat seinen Sitz in Stuttgart und ist in das<\/p>\n<p>Vereinsregister einzutragen.<\/p>\n<p>(3) Das Gesch\u00e4ftsjahr des Vereins ist das Kalenderjahr.<\/p>\n<p><strong>\u00a72 Zweck des Vereins<\/strong><\/p>\n<p><strong>\u00a0\u00a0\u00a0\u00a0\u00a0\u00a0\u00a0\u00a0\u00a0\u00a0 &#8212;&#8212;&#8212;&#8212;&#8212;&#8211;<\/strong><\/p>\n<p>(1) Der Verein hat den Zweck, die Erziehungs- und Bildungsarbeit<\/p>\n<p>an der Wolfbuschschule in Stuttgart-Weilimdorf ideell und materiell<\/p>\n<p>zu f\u00f6rdern und zu unterst\u00fctzen. Insbesondere will der<\/p>\n<p>Verein die Gemeinschaft zwischen Schule, Eltern, Sch\u00fclern,<\/p>\n<p>ehemaligen Sch\u00fclern und Freunden der Schule erhalten und f\u00f6rdern.<\/p>\n<p>(2) Der Vereinszweck soll mit folgenden Mittel erreicht werden:<\/p>\n<p>a) Unterst\u00fctzung und Organisation von kulturellen, sportlichen<\/p>\n<p>und sozialen Gemeinschafts- sowie Informationsveranstaltungen<\/p>\n<p>innerhalb und au\u00dferhalb der Schule.<\/p>\n<p>b) Anschaffung solcher Gegenst\u00e4nde, f\u00fcr die der Schule keine<\/p>\n<p>Mittel zur Verf\u00fcgung stehen.<\/p>\n<p>(3) Der Verein verfolgt ausschlie\u00dflich und unmittelbar einen<\/p>\n<p>gemeinn\u00fctzigen Zweck im Sinne des Abschnitts &#8222;steuerbeg\u00fcnstigte<\/p>\n<p>Zwecke&#8220; der Abgabenordnung.<\/p>\n<p><strong>\u00a73 Mitgliedschaft<\/strong><\/p>\n<p><strong>\u00a0\u00a0\u00a0\u00a0\u00a0\u00a0\u00a0\u00a0\u00a0\u00a0 &#8212;&#8212;&#8212;&#8212;&#8211;<\/strong><\/p>\n<p>(1) Dem Verein k\u00f6nnen als Mitglieder angeh\u00f6ren:<\/p>\n<p>Einzelpersonen, Firmen, Vereine und sonstige K\u00f6rperschaften.<\/p>\n<p>Nicht vollj\u00e4hrige Sch\u00fcler k\u00f6nnen die Mitgliedschaft (unter<\/p>\n<p>Ausschluss des passiven Wahlrechts) mit Einwilligung<\/p>\n<p>des Erziehungsberechtigten erwerben.<\/p>\n<p>(2) Die Mitgliedschaft wird erworben durch schriftliche Beitritts-<\/p>\n<p>Erkl\u00e4rung und deren Annahme durch den Vorstand.<\/p>\n<p>(3) Bei Nichtaufnahme durch den Vorstand ist die Berufung an<\/p>\n<p>die Mitgliederversammlung m\u00f6glich.<\/p>\n<p>(4) Sp\u00e4testens zwei Wochen nach Erhalt der Aufnahmebest\u00e4tigung<\/p>\n<p>ist der zu diesem Zeitpunkt g\u00fcltige Mitgliedsbeitrag f\u00fcr das<\/p>\n<p>laufende Gesch\u00e4ftsjahr f\u00e4llig.<\/p>\n<p>(5) Der Mitgliedsbeitrag ist sp\u00e4testens bis 31.Januar zu Entrichten.<\/p>\n<p>(bzw. erfolgt im Bankeinzugsverfahren).<\/p>\n<p><strong>\u00a74 Beendigung der Mitgliedschaft<\/strong><\/p>\n<p><strong>\u00a0\u00a0\u00a0\u00a0\u00a0\u00a0\u00a0\u00a0\u00a0\u00a0\u00a0 &#8212;&#8212;&#8212;&#8212;&#8212;&#8212;&#8212;&#8212;&#8212;&#8211;<\/strong><\/p>\n<p>(1) Die Mitgliedschaft erlischt , au\u00dfer durch Tod , durch schriftliche<\/p>\n<p>Austrittserkl\u00e4rung auf Ende des laufenden Gesch\u00e4ftsjahres oder<\/p>\n<p>durch Ausschluss durch den Vorstand.<\/p>\n<p>Der Widerspruch zu einem Mitgliedsausschluss muss mit der Frist<\/p>\n<p>von einem Monat dem Vorstand vorliegen.<\/p>\n<p>Bei Einspruch gegen den Ausschluss entscheidet die n\u00e4chste<\/p>\n<p>Mitgliederversammlung endg\u00fcltig.<\/p>\n<p>Bis zu einem endg\u00fcltigen Entscheid durch die Mitgliederversammlung<\/p>\n<p>ruht die Mitgliedschaft.<\/p>\n<p>(2) Der Ausschluss ist m\u00f6glich, wenn das Mitglied den<\/p>\n<p>den satzungsm\u00e4\u00dfigen Aufgaben grob zuwiderhandelt.<\/p>\n<p>(3) Eine schriftliche Austrittserkl\u00e4rung muss mit einer Frist von<\/p>\n<p>3 Monaten vor Gesch\u00e4ftsjahresende dem Vorstand zugegangen sein.<\/p>\n<p><strong>\u00a75 Einnahmen und Ausgaben<\/strong><\/p>\n<p><strong>\u00a0\u00a0\u00a0\u00a0\u00a0\u00a0\u00a0\u00a0\u00a0\u00a0\u00a0 &#8212;&#8212;&#8212;&#8212;&#8212;&#8212;&#8212;-<\/strong><\/p>\n<p>(1) Die Einnahmen des Vereins bestehen aus Mitgliedsbeitr\u00e4gen,<\/p>\n<p>Spenden und Ertr\u00e4gen des Vereinsverm\u00f6gens.<\/p>\n<p>(2) Der Verein ist selbstlos t\u00e4tig, er verfolgt nicht in erster<\/p>\n<p>Linie eigenwirtschaftliche Zwecke.<\/p>\n<p>(3) Mittel des Vereins d\u00fcrfen nur f\u00fcr satzungsgem\u00e4\u00dfe Zwecke<\/p>\n<p>verwendet werden. Die Mitglieder erhalten keine Zuwendungen aus Mitteln des Vereins.<\/p>\n<p>(4) Es darf keine Person durch Ausgaben, die dem Zweck des Vereins<\/p>\n<p>fremd sind, oder durch unverh\u00e4ltnism\u00e4\u00dfig hohe Verg\u00fctung<\/p>\n<p>beg\u00fcnstigt werden.<\/p>\n<p>(5) Auslagen und Aufwendungen sind in der tats\u00e4chlich entstandenen H\u00f6he<\/p>\n<p>zu erstatten.<\/p>\n<p>(6) F\u00fcr T\u00e4tigkeiten im Verein kann eine angemessene Verg\u00fctung\/Aufwands-<\/p>\n<p>Entsch\u00e4digung (\u00a74Nr. 26a EStG) bezahlt werden. Einzelheiten<\/p>\n<p>regelt der Vorstand.<\/p>\n<p>(7) Der Verein darf ohne Zustimmung der Mitgliederversammlung<\/p>\n<p>keine Darlehen aufnehmen und sich nicht verschulden.<\/p>\n<p><strong>\u00a76 Organe des Vereins<\/strong><\/p>\n<p><strong>\u00a0\u00a0\u00a0\u00a0\u00a0\u00a0\u00a0\u00a0\u00a0\u00a0\u00a0 &#8212;&#8212;&#8212;&#8212;&#8212;&#8212;<\/strong><\/p>\n<p>(1) Die Organe des Vereins sind die Mitgliederversammlung und der<\/p>\n<p>Vorstand.<\/p>\n<p>(2) Die Vereins\u00e4mter sind Ehren\u00e4mter.<\/p>\n<p><strong>\u00a77 Mitgliederversammlung<\/strong><\/p>\n<p><strong>\u00a0\u00a0\u00a0\u00a0\u00a0\u00a0\u00a0\u00a0\u00a0\u00a0\u00a0 &#8212;&#8212;&#8212;&#8212;&#8212;&#8212;&#8212;<\/strong><\/p>\n<p>(1) Die Mitgliederversammlung ist oberstes Organ des Vereins.<\/p>\n<p>(2) Eine ordentliche Mitgliederversammlung findet mindestens<\/p>\n<p>einmal j\u00e4hrlich statt. Die Einladung muss mindestens<\/p>\n<p>4 Wochen vorher unter Angabe der Tagesordnung erfolgen.<\/p>\n<p>(3) Eine au\u00dferordentliche Mitgliederversammlung kann schriftlich<\/p>\n<p>unter Einhaltung einer Frist von 2 Wochen und unter Angabe<\/p>\n<p>der Tagesordnung jederzeit vom Vorstand einberufen werden.<\/p>\n<p>Eine solche muss einberufen werden, wenn der Vorstand dies<\/p>\n<p>beschlie\u00dft oder mindestens 1\/4 der Mitglieder unter<\/p>\n<p>Angabe des Grundes dies schriftlich beantragt.<\/p>\n<p><strong>\u00a0\u00a0\u00a0\u00a0\u00a0\u00a0\u00a0\u00a0 \u00a78 Aufgaben der Mitgliederversammlung<\/strong><\/p>\n<p><strong>\u00a0\u00a0\u00a0\u00a0\u00a0\u00a0\u00a0\u00a0\u00a0\u00a0\u00a0 &#8212;&#8212;&#8212;&#8212;&#8212;&#8212;&#8212;&#8212;&#8212;&#8212;&#8212;&#8211;<\/strong><\/p>\n<p>(1) Die Angelegenheiten des Vereins werden, soweit sie nicht vom<\/p>\n<p>Vorstand zu besorgen sind, durch die Mitgliederversammlung<\/p>\n<p>geordnet.<\/p>\n<p>(2) Die Mitgliederversammlung hat insbesondere folgende Aufgaben:<\/p>\n<p>a) die Wahl des Vorstands;<\/p>\n<p>b) die Wahl der Kassenpr\u00fcfer;<\/p>\n<p>c) die Entgegennahme des Jahres- und Kassenberichts des<\/p>\n<p>Vorstands, des Pr\u00fcfungsberichts der Kassenpr\u00fcfer sowie<\/p>\n<p>die Erteilung der Entlastung;<\/p>\n<p>d) die Festlegung der Mitgliedsbeitr\u00e4ge.<\/p>\n<p>e) die Beschlussfassung \u00fcber die Aufl\u00f6sung des Vereins.<\/p>\n<p>f) die Beschlussfassung \u00fcber Satzungs\u00e4nderungen.<\/p>\n<p>g) die Beschlussfassung \u00fcber Mitgliedsausschl\u00fcsse.<\/p>\n<p><strong>\u00a79 Beschlussfassung der Mitgliederversammlung<\/strong><\/p>\n<p><strong>\u00a0\u00a0\u00a0\u00a0\u00a0\u00a0\u00a0\u00a0\u00a0\u00a0\u00a0 &#8212;&#8212;&#8212;&#8212;&#8212;&#8212;&#8212;&#8212;&#8212;&#8212;&#8212;&#8212;&#8212;&#8211;<\/strong><\/p>\n<p>(1) Den Vorsitz in der Mitgliederversammlung f\u00fchrt der 1. Vorsitzende<\/p>\n<p>oder als dessen Stellvertreter der 2. Vorsitzende.<\/p>\n<p>(2) Die Mitgliederversammlung fast ihre Beschl\u00fcsse mit einfacher<\/p>\n<p>Mehrheit der anwesenden Mitglieder, es sei denn, Gesetz oder<\/p>\n<p>Satzung schreiben eine andere Stimmenmehrheit vor.<\/p>\n<p>(3) Das Stimmrecht ist nicht \u00fcbertragbar.<\/p>\n<p>(4) Die Beschlussfassungen erfolgen offen, soweit nicht gesetzliche<\/p>\n<p>Bestimmungen oder die Satzung dem entgegenstehen.<\/p>\n<p>(5) Auf Antrag eines Mitglieds erfolgt die Beschlussfassung geheim.<\/p>\n<p><strong>\u00a0\u00a0\u00a0\u00a0\u00a0\u00a0\u00a0\u00a0 \u00a710 Vorstand<\/strong><\/p>\n<p><strong>\u00a0\u00a0\u00a0\u00a0\u00a0\u00a0\u00a0\u00a0\u00a0\u00a0\u00a0\u00a0 &#8212;&#8212;&#8211;<\/strong><\/p>\n<p>(1) Der Vorstand besteht aus:<\/p>\n<p>a) dem 1. Vorsitzenden<\/p>\n<p>b) dem 2. Vorsitzenden;<\/p>\n<p>c) dem Schriftf\u00fchrer;<\/p>\n<p>d) dem Kassierer;<\/p>\n<p>e) drei Beisitzern;<\/p>\n<p>(2) Der 1.Vorsitzende und der Kassierer sollen der Schule nicht<\/p>\n<p>angeh\u00f6ren.<\/p>\n<p>(3) Vorstand im Sinne des \u00a7 26 BGB sind der 1. und 2. Vorsitzende.<\/p>\n<p>Beide sind je einzeln vertretungs- und zeichnungsberechtigt.<\/p>\n<p>(4) Die Vorstandsmitglieder werden von der Mitgliederversammlung<\/p>\n<p>mit einfacher Mehrheit in getrennten Wahlg\u00e4ngen auf die Dauer<\/p>\n<p>von zwei Jahren gew\u00e4hlt. Der Vorstand kann insgesamt oder<\/p>\n<p>einzeln abberufen werden, indem die Mitgliederversammlung<\/p>\n<p>einen Nachfolger w\u00e4hlt. Beim vorzeitigen Ausscheiden eines<\/p>\n<p>Vorstandsmitgliedes findet eine sofortige Zuwahl f\u00fcr die restliche<\/p>\n<p>Amtszeit bei der n\u00e4chsten bzw. bei einer au\u00dferordentlichen<\/p>\n<p>Mitgliederversammlung statt.<\/p>\n<p>Nach Ablauf seiner Amtszeit bleibt der Vorstand bis zum Zeitpunkt<\/p>\n<p>einer Neuwahl im Amt.<\/p>\n<p>(5) Zu den Vorstandssitzungen werden unabh\u00e4ngig von der<\/p>\n<p>Mitgliedschaft der Schulleiter, der Vorsitzende<\/p>\n<p>des Elternbeirats und mindestens ein gew\u00e4hlter Vertreter<\/p>\n<p>des Lehrerkollegiums eingeladen. Soweit sie nicht dem Vorstand<\/p>\n<p>angeh\u00f6ren haben sie nur eine beratende Stimme.<\/p>\n<p>(6) Der Vorstand f\u00fchrt die laufenden Gesch\u00e4fte des Vereins.<\/p>\n<p>Ihm obliegt die Verwaltung des Vereinsverm\u00f6gens und die<\/p>\n<p>Ausf\u00fchrung der Vereinsbeschl\u00fcsse.<\/p>\n<p>(7) Der Vorstand ist beschlussf\u00e4hig, wenn mindestens vier<\/p>\n<p>Mitglieder und darunter mindestens einer der beiden<\/p>\n<p>Vorsitzenden anwesend sind. Beschl\u00fcsse des Vorstandes<\/p>\n<p>werden mit der einfachen Mehrheit der anwesenden<\/p>\n<p>Vorstandsmitglieder gefasst.<\/p>\n<p>(8) Zu den Vorstandssitzungen ist in der Regel unter Angabe<\/p>\n<p>der Tagesordnung acht Tage vorher schriftlich in<\/p>\n<p>Ausnahmef\u00e4llen m\u00fcndlich, einzuladen.<\/p>\n<p><strong>\u00a711 Kassenpr\u00fcfer<\/strong><\/p>\n<p><strong>\u00a0\u00a0\u00a0\u00a0\u00a0\u00a0\u00a0\u00a0\u00a0\u00a0\u00a0\u00a0\u00a0 &#8212;&#8212;&#8212;&#8212;<\/strong><\/p>\n<p>(1) Die Mitgliederversammlung w\u00e4hlt auf die Dauer von 2 Jahren<\/p>\n<p>zwei Kassenpr\u00fcfer. Die Kassenpr\u00fcfer d\u00fcrfen dem Vorstand<\/p>\n<p>nicht angeh\u00f6ren.<\/p>\n<p>(2) Die Kassenpr\u00fcfer haben das Recht, die Vereinskasse und<\/p>\n<p>die Buchf\u00fchrung auch au\u00dferhalb des Jahresabschlusses zu pr\u00fcfen.<\/p>\n<p>Die Kassenpr\u00fcfer f\u00fchren eine Pr\u00fcfung des Jahresabschlusses<\/p>\n<p>durch und berichten der Mitgliederversammlung.<\/p>\n<p><strong>\u00a712 Niederschriften<\/strong><\/p>\n<p><strong>\u00a0\u00a0\u00a0\u00a0\u00a0\u00a0\u00a0\u00a0\u00a0\u00a0\u00a0\u00a0\u00a0 &#8212;&#8212;&#8212;&#8212;&#8212;&#8211;<\/strong><\/p>\n<p>(1) \u00dcber die Mitgliederversammlungen und die Sitzungen des Vorstandes<\/p>\n<p>sind Protokolle anzufertigen, die die jeweiligen Beschl\u00fcsse<\/p>\n<p>enthalten m\u00fcssen.<\/p>\n<p>(2) Sie sind vom jeweiligen Leiter der Versammlung oder<\/p>\n<p>Sitzung und dem Schriftf\u00fchrer zu unterschreiben.<\/p>\n<p><strong>\u00a713 Satzung \u00c4nderungen<\/strong><\/p>\n<p><strong>\u00a0\u00a0\u00a0\u00a0\u00a0\u00a0\u00a0\u00a0\u00a0\u00a0\u00a0\u00a0\u00a0 &#8212;&#8212;&#8212;&#8212;&#8212;&#8212;<\/strong><\/p>\n<p>Die \u00c4nderung der Satzung kann nur von der Mitgliederversammlung<\/p>\n<p>beschlossen werden. Zur \u00c4nderung der Satzung bedarf es einer<\/p>\n<p>3\/4 -Mehrheit der bei der Mitgliederversammlung<\/p>\n<p>anwesenden Mitglieder.<\/p>\n<p>\u00a7<strong>14 Vereinsaufl\u00f6sung<\/strong><\/p>\n<p><strong>\u00a0\u00a0\u00a0\u00a0\u00a0\u00a0\u00a0\u00a0\u00a0\u00a0\u00a0\u00a0\u00a0 &#8212;&#8212;&#8212;&#8212;&#8212;-<\/strong><\/p>\n<p>(1) Die Aufl\u00f6sung des Vereins kann nur vom Vorstand oder mindestens<\/p>\n<p>einem Drittel der Mitglieder beantragt werden.<\/p>\n<p>(2) Zur Aufl\u00f6sung des Vereins ist die 3\/4 Mehrheit der<\/p>\n<p>eingetragenen Mitglieder erforderlich. Ist die erforderliche<\/p>\n<p>Anzahl der eingetragenen Mitglieder zur Mitgliedsversammlung<\/p>\n<p>nicht erschienen, so muss innerhalb von 4 Wochen eine weitere<\/p>\n<p>Mitgliederversammlung einberufen werden, auf der die Aufl\u00f6sung<\/p>\n<p>des Vereins mit 3\/4 -Mehrheit der anwesenden Mitglieder<\/p>\n<p>beschlossen werden kann.<\/p>\n<p>(3) Die Mitgliederversammlung ernennt zur Abwicklung der<\/p>\n<p>Gesch\u00e4fte zwei Liquidatoren.<\/p>\n<p>(4) Bei\u00a0Aufl\u00f6sung oder Aufhebung der K\u00f6rperschaft oder bei Wegfall steuerbeg\u00fcnstigter Zwecke<\/p>\n<p>f\u00e4llt das Verm\u00f6gen des Vereins an eine K\u00f6rperschaft des \u00f6ffentlichen Rechts oder\u00a0eine andere<\/p>\n<p>steuerbeg\u00fcnstigte K\u00f6rperschaft zwecks Verwendung f\u00fcr die F\u00f6rderung von Erziehung und Bildung.<\/p>\n<p>12.07.2012<\/p>\n","protected":false},"excerpt":{"rendered":"<p>&nbsp; \u00a0\u00a0\u00a0\u00a0\u00a0\u00a0\u00a0\u00a0\u00a0\u00a0\u00a0\u00a0\u00a0 SCHULVEREIN der WOLFBUSCHSCHULE \u00a0\u00a0\u00a0\u00a0\u00a0\u00a0\u00a0\u00a0\u00a0\u00a0\u00a0\u00a0\u00a0\u00a0\u00a0\u00a0\u00a0\u00a0 Stuttgart &#8211; Weilimdorf \u00a0 \u00a0 \u00a0\u00a0\u00a0\u00a0\u00a0\u00a0\u00a0\u00a0\u00a0\u00a0\u00a0\u00a0\u00a0\u00a0\u00a0\u00a0\u00a0\u00a0\u00a0\u00a0\u00a0\u00a0\u00a0\u00a0 SATZUNG \u00a71 Name u. Sitz des Vereins \u00a0\u00a0\u00a0\u00a0\u00a0 \u00a0\u00a0\u00a0 &#8212;&#8212;&#8212;&#8212;&#8212;&#8212;&#8212;&#8212; (1) Der Verein f\u00fchrt den Namen -Schulverein der [&hellip;]<\/p>\n","protected":false},"author":2,"featured_media":0,"parent":7,"menu_order":4,"comment_status":"closed","ping_status":"closed","template":"","meta":{"footnotes":"","_links_to":"","_links_to_target":""},"class_list":["post-68","page","type-page","status-publish","hentry"],"_links":{"self":[{"href":"http:\/\/www.schulverein-wolfbuschschule.de\/wordpress\/wp-json\/wp\/v2\/pages\/68","targetHints":{"allow":["GET"]}}],"collection":[{"href":"http:\/\/www.schulverein-wolfbuschschule.de\/wordpress\/wp-json\/wp\/v2\/pages"}],"about":[{"href":"http:\/\/www.schulverein-wolfbuschschule.de\/wordpress\/wp-json\/wp\/v2\/types\/page"}],"author":[{"embeddable":true,"href":"http:\/\/www.schulverein-wolfbuschschule.de\/wordpress\/wp-json\/wp\/v2\/users\/2"}],"replies":[{"embeddable":true,"href":"http:\/\/www.schulverein-wolfbuschschule.de\/wordpress\/wp-json\/wp\/v2\/comments?post=68"}],"version-history":[{"count":8,"href":"http:\/\/www.schulverein-wolfbuschschule.de\/wordpress\/wp-json\/wp\/v2\/pages\/68\/revisions"}],"predecessor-version":[{"id":364,"href":"http:\/\/www.schulverein-wolfbuschschule.de\/wordpress\/wp-json\/wp\/v2\/pages\/68\/revisions\/364"}],"up":[{"embeddable":true,"href":"http:\/\/www.schulverein-wolfbuschschule.de\/wordpress\/wp-json\/wp\/v2\/pages\/7"}],"wp:attachment":[{"href":"http:\/\/www.schulverein-wolfbuschschule.de\/wordpress\/wp-json\/wp\/v2\/media?parent=68"}],"curies":[{"name":"wp","href":"https:\/\/api.w.org\/{rel}","templated":true}]}}