{"id":78,"date":"2010-11-04T15:11:50","date_gmt":"2010-11-04T14:11:50","guid":{"rendered":"http:\/\/www.schulverein-wolfbuschschule.de\/wordpress\/?page_id=78"},"modified":"2024-01-17T11:09:02","modified_gmt":"2024-01-17T10:09:02","slug":"mitgliederversammlung-2010","status":"publish","type":"page","link":"http:\/\/www.schulverein-wolfbuschschule.de\/wordpress\/der-verein\/mitgliederversammlung-2010\/","title":{"rendered":"Mitgliederversammlung 2023"},"content":{"rendered":"<p><strong><u>Protokoll der Mitgliederversammlung des Schulvereins der Wolfbuschschule e.V. 2023<\/u><\/strong><\/p>\n<p><strong>Top 1: Begr\u00fc\u00dfung<\/strong><\/p>\n<p>Frau Schlichter begr\u00fc\u00dft als Versammlungsleiterin die Teilnehmer.<\/p>\n<p>Die Einladungsbriefe mit der Tagesordnung wurden fristgerecht verschickt.<\/p>\n<ul>\n<li>Es gab keine zus\u00e4tzlichen Antr\u00e4ge zur Tagesordnung.<\/li>\n<li>Die Mitgliederversammlung ist lt. Satzung beschlussf\u00e4hig<\/li>\n<\/ul>\n<p><strong>Top 2: Bericht des Vorstandes<\/strong><\/p>\n<p><strong>\u00a0<\/strong>Der Verein hat z. Zt. 190 Mitglieder.<\/p>\n<p>Nachdem alle Positionen im Gremium des Schulvereins in 2022 personell neu besetzt werden konnten, war das vergangene Jahr gepr\u00e4gt von der \u00dcbergabe der Aufgaben in die neuen H\u00e4nde.<\/p>\n<p>Die erste Herausforderung war die Organisation und Teilnahme am Weihnachtsmarkt im Dezember 2022. In Zusammenarbeit mit dem Organisationsteam der Schule hat alles sehr gut geklappt und auch die aktive Unterst\u00fctzung durch die Elternschaft hat zu einem sehr erfolgreichen Ergebnis (sh. auch Top 3- Bericht des Kassenwarts) beigetragen. Eine Teilnahme am Weihnachtsmarkt 2023 ist gew\u00fcnscht.<\/p>\n<p>Weiterhin haben sich alle Vorstandmitglieder zu einem n\u00e4heren Kennenlernen getroffen.<\/p>\n<p>Herr Benz hat mit Frau Schlichter und Frau Rathgeb die \u00dcbergabe des Vereinsvorstands beim Notar und bei der Bank geregelt, sowie die Schl\u00fcssel\u00fcbergabe gemacht. Es wurde eine Threema-Gruppe zum schnellen Austausch im Vorstandsgremium angelegt.<\/p>\n<p>Frau Schlichter und Herr Benz waren bei der Gesamtelternbeiratssitzung eingeladen und zugegen und haben dort \u00fcber die \u00dcbergabe des Schulvereins etc. in neue H\u00e4nde berichtet.<\/p>\n<p>An der Hygieneschulung im Bezirksrathaus Weilimdorf haben Frau Schlichter, Herr Benz, Frau Schulz und Frau Szigeti teilgenommen.<\/p>\n<p>Weiterhin wurde angefragt, ob der Verein das Logo der Wolfbuschschule zuk\u00fcnftig mit nutzen darf, der Text zum Verein auf der Schulseite und der Homepage des Vereins wurde \u00fcberarbeitet, sowie eine neue Webadresse angelegt.<\/p>\n<p>Es gab aus einer Klasse die Anfrage, ob der Verein seine Kaffeemaschine ausleiht.<\/p>\n<p>Dies wurde genehmigt und f\u00fcr diesen und zuk\u00fcnftige Ausleihanfragen ein entsprechendes Formular gestaltet.<\/p>\n<p>Die B\u00e4nke im gr\u00fcnen Klassenzimmer sollen durch den Schulverein turnusgem\u00e4\u00df abgeschliffen und neu lasiert werden, um die Haltbarkeit und Optik zu erneuern.<\/p>\n<p>Wir haben dieses Jahr wieder die Mehrzahl der Mitglieder per E-Mail zur Mitgliederversammlung eingeladen und an 20 Mitglieder selbst ausgetragen oder per Post verschickt.<\/p>\n<p>Im vergangenen Jahr hat der Schulverein an folgenden Veranstaltungen mitgewirkt, organisiert oder mitgestaltet: <strong>Sommerfest in 07\/2022; Weihnachtsmarkt in 12\/2022.<\/strong><\/p>\n<p>Die Schule wurde im vergangenen Jahr wieder finanziell bei Klassenfahrten\/- festen der Abgangsklassen, dem Projekt Klasse 2000 und Wilhelma-Ausfl\u00fcgen unterst\u00fctzt.<\/p>\n<p><strong>Top 3: Bericht des Kassenwarts<\/strong><\/p>\n<p><strong>\u00a0<\/strong>Frau Schlichter bittet Frau Schulz um den Kassenbericht.<\/p>\n<p>Die Beitr\u00e4ge wurden aufgrund des neuen Vereinsprogramms und damit einher gehender technischer Probleme beim Bankeinzug erst im Oktober 2022 eingezogen.\u00a0\u00a0Leider gab es insgesamt 9 R\u00fcckbuchungen aufgrund nicht mitgeteilter aufgel\u00f6ster\/ fehlerhafter Kontodaten.<\/p>\n<p>Die gr\u00f6\u00dften Einnahmen kamen in 2022 durch die Mitgliedsbeitr\u00e4ge, das Schulfest \u00a0und den Weihnachtsmarkt \u00a0sowie Weihnachts Geldspenden der Eltern zustande.\u00a0\u00a0Als gr\u00f6\u00dfere Ausgabe ist die Anschaffung eines neuen Vereinslaptops mit Servicevertrag zu nennen.\u00a0\u00a0In 2023 ist wieder der Nachweis der Gemeinn\u00fctzigkeit f\u00fcr die Steuerbefreiung beim Finanzamt Stuttgart zu erbringen.<\/p>\n<p><strong>Top 4: Bericht der Kassenpr\u00fcfer<\/strong><\/p>\n<p>Bei der Pr\u00fcfung der Kasse wurde eine fehlerhafte doppelte Auszahlung eines Betrages\u00a0 (Notariatsgeb\u00fchren) im Rahmen eines Eigenbelegs festgestellt. Dieser Betrag wurde umgehend an das Vereinskonto zur\u00fcck \u00fcberweisen. Der Betrag ist am 23.05.2023 dem Vereinskonto wieder gutgeschrieben worden.\u00a0 \u00a0Alle anderen Ein- und Ausgaben wurden ordnungsgem\u00e4\u00df verbucht.<\/p>\n<p><strong>Top 5: Entlastung des Vorstands und Kassenwarts<\/strong><\/p>\n<p>Frau Bannass beantragt die Entlastung des Vorstands und des Kassenwarts.<\/p>\n<p><strong>Entlastung des Vorstandes mit Stimmen:<\/strong>\u00a0\u00a0\u00a0 ja: 10\u00a0 nein: 0\u00a0\u00a0 enthalten: 1<\/p>\n<p><strong>Entlastung des Kassenwarts mit Stimmen: <\/strong>ja: 10\u00a0\u00a0\u00a0\u00a0 nein: 0\u00a0\u00a0 enthalten: 1<\/p>\n<p><strong>Top 6: Bericht der Schulleitung<\/strong><\/p>\n<p><strong>\u00a0<\/strong>Frau Klingel bedankt sich bei den neuen Vorstandsmitgliedern des Schulvereins f\u00fcr die \u00dcbernahme der \u00c4mter und die Unterst\u00fctzung.\u00a0\u00a0Zu den Elternabenden wurde wieder wie immer ein Info-Blatt und die Beitrittserkl\u00e4rung des Schulvereins an die Eltern ausgegeben.<\/p>\n<p>Eine Wiederaufnahme der Bewirtung zu den Einschulungsfeiern durch den Schulverein wurde sehr begr\u00fc\u00dft.<\/p>\n<p>Erfreulich ist, dass auf erneute Nachfrage bei der Stadt nun auch ein Starkstromanschluss mit Kosten\u00fcbernahme durch die Stadt in der neuen Mensa genehmigt wird. Zus\u00e4tzlich m\u00fcssen dann noch entsprechende Verl\u00e4ngerungskabel angeschafft werden.\u00a0Frau Klingel fragt bei der Stadt an, ob diese Kosten \u00fcber das Schulbudget abgedeckt werden k\u00f6nnen. Falls dies nicht der Fall sein sollte, wird der Schulverein diese Kosten \u00fcbernehmen.<\/p>\n<p>Das Projekt \u201eGeschlossener Schulhof\u201c wird leider durch die Weilimdorfer B\u00fcrger nicht ausreichend unterst\u00fctzt. Leider halten sich viele B\u00fcrger nach wie vor nicht an das Durchgangsverbot zu den Schulzeiten.<\/p>\n<p>Die Schule plant im Schulgarten neue Beete (3 St\u00fcck) anzulegen und durch ein Ganztags-Team im Rahmen eines Projektes \u201eBeete\u201c mit den Kindern wieder zu bewirtschaften. Es wird angefragt, ob damit einhergehende Kosten, die nicht \u00fcber das Schulbudget gedeckt sind, \u00fcber den Schulverein \u00fcbernommen werden.\u00a0\u00a0Weiterhin plant die Schule ein neues Pr\u00e4ventionsprojekt f\u00fcr die 4. Klassen mit dem\u00a0Verein KOBRA e.V. (Beratungsstelle gegen sexuelle Gewalt an Kindern).\u00a0\u00a0Dazu wird es einen Eigenanteil je Klasse geben. Auch f\u00fcr dieses Projekt wird eine Kosten\u00fcbernahme ( anteilig) durch den Schulverein angefragt.<\/p>\n<p><u>Folgende Projekte werden fortgef\u00fchrt:<\/u><\/p>\n<p><u>\u00a0<\/u>Selbstbehauptungskurs Klassenstufe 2 ;\u00a0\u00a0Klasse 2000- Pr\u00e4ventionsprogramm zu den Themen Ern\u00e4hrung, Gesundheit, \u00a0und Bewegung<\/p>\n<p><u>Der Vorstand beschlie\u00dft folgende Projekte zu f\u00f6rdern:<\/u><\/p>\n<ul>\n<li>Selbstbehauptungskurs Klassenstufe 2<\/li>\n<li>Pr\u00e4ventionsprojekt Klassestufe 4 mit KOBRA e.V. nach Bedarf<\/li>\n<li>Klasse 2000- Pr\u00e4ventionsprogramm<\/li>\n<li>Klassenfahrt 4b nach Italien nach Bedarf<\/li>\n<li>Klassenfahrten der 4. Klassen ins Schullandheim nach Bedarf<\/li>\n<li>Klassenausfl\u00fcge nach Bedarf<\/li>\n<li>Projekt \u201eBeete\u201c nach Bedarf<\/li>\n<\/ul>\n<p><strong>Top 7: Verschiedenes<\/strong><\/p>\n<p><strong>\u00a0<\/strong>Die n\u00e4chste gr\u00f6\u00dfere Veranstaltung sinddie Einschulungsfeiern am <strong>14.09.2023<\/strong> und der Weihnachtsmarkt am <strong>02.\/ 03.12.2023<\/strong> im Stadtteil. Die Planungen laufen wieder zusammen mit dem gebildeten Team der Schule und des Gesamtelternbeirats.<\/p>\n<p>Ansonsten keine weiteren Wortmeldungen.\u00a0Frau Schlichter schlie\u00dft die Versammlung und w\u00fcnscht allen Teilnehmern einen guten Heimweg!<\/p>\n","protected":false},"excerpt":{"rendered":"<p>Protokoll der Mitgliederversammlung des Schulvereins der Wolfbuschschule e.V. 2023 Top 1: Begr\u00fc\u00dfung Frau Schlichter begr\u00fc\u00dft als Versammlungsleiterin die Teilnehmer. Die Einladungsbriefe mit der Tagesordnung wurden fristgerecht verschickt. Es gab keine [&hellip;]<\/p>\n","protected":false},"author":2,"featured_media":0,"parent":7,"menu_order":6,"comment_status":"closed","ping_status":"closed","template":"","meta":{"footnotes":"","_links_to":"","_links_to_target":""},"class_list":["post-78","page","type-page","status-publish","hentry"],"_links":{"self":[{"href":"http:\/\/www.schulverein-wolfbuschschule.de\/wordpress\/wp-json\/wp\/v2\/pages\/78","targetHints":{"allow":["GET"]}}],"collection":[{"href":"http:\/\/www.schulverein-wolfbuschschule.de\/wordpress\/wp-json\/wp\/v2\/pages"}],"about":[{"href":"http:\/\/www.schulverein-wolfbuschschule.de\/wordpress\/wp-json\/wp\/v2\/types\/page"}],"author":[{"embeddable":true,"href":"http:\/\/www.schulverein-wolfbuschschule.de\/wordpress\/wp-json\/wp\/v2\/users\/2"}],"replies":[{"embeddable":true,"href":"http:\/\/www.schulverein-wolfbuschschule.de\/wordpress\/wp-json\/wp\/v2\/comments?post=78"}],"version-history":[{"count":32,"href":"http:\/\/www.schulverein-wolfbuschschule.de\/wordpress\/wp-json\/wp\/v2\/pages\/78\/revisions"}],"predecessor-version":[{"id":993,"href":"http:\/\/www.schulverein-wolfbuschschule.de\/wordpress\/wp-json\/wp\/v2\/pages\/78\/revisions\/993"}],"up":[{"embeddable":true,"href":"http:\/\/www.schulverein-wolfbuschschule.de\/wordpress\/wp-json\/wp\/v2\/pages\/7"}],"wp:attachment":[{"href":"http:\/\/www.schulverein-wolfbuschschule.de\/wordpress\/wp-json\/wp\/v2\/media?parent=78"}],"curies":[{"name":"wp","href":"https:\/\/api.w.org\/{rel}","templated":true}]}}